
5
What is the hundreds digit of 1966?
9
What is the ten thousands digit of 57373?
5
What is the thousands digit of 1026?
1
What is the thousands digit of 7242?
7
What is the hundreds digit of 948?
9
What is the units digit of 54764?
4
What is the hundreds digit of 167?
1
What is the tens digit of 1074?
7
What is the hundreds digit of 21685?
6
What is the tens digit of 135768?
6
What is the hundreds digit of 440?
4
What is the tens digit of 20132?
3
What is the ten thousands digit of 67834?
6
What is the tens digit of 6410?
1
What is the tens digit of 7864?
6
What is the units digit of 312?
2
What is the tens digit of 76522?
2
What is the units digit of 3517?
7
What is the tens digit of 1039?
3
What is the thousands digit of 9121?
9
What is the units digit of 933?
3
What is the hundreds digit of 314?
3
What is the units digit of 57380?
0
What is the hundreds digit of 35585?
5
What is the ten thousands digit of 14070?
1
What is the ten thousands digit of 97197?
9
What is the thousands digit of 111751?
1
What is the tens digit of 69477?
7
What is the thousands digit of 1088?
1
What is the hundreds digit of 1040?
0
What is the tens digit of 13974?
7
What is the tens digit of 2044?
4
What is the tens digit of 1866?
6
What is the thousands digit of 2203?
2
What is the hundreds digit of 739?
7
What is the thousands digit of 3935?
3
What is the tens digit of 30780?
8
What is the tens digit of 3455?
5
What is the hundreds digit of 6030?
0
What is the tens digit of 2928?
2
What is the units digit of 14313?
3
What is the thousands digit of 4221?
4
What is the hundreds digit of 8502?
5
What is the tens digit of 5072?
7
What is the ten thousands digit of 38112?
3
What is the thousands digit of 2934?
2
What is the thousands digit of 6207?
6
What is the thousands digit of 1108?
1
What is the thousands digit of 2987?
2
What is the tens digit of 3974?
7
What is the hundreds digit of 42412?
4
What is the hundreds digit of 1628?
6
What is the hundreds digit of 416?
4
What is the tens digit of 67038?
3
What is the hundreds digit of 252?
2
What is the units digit of 12636?
6
What is the thousands digit of 24909?
4
What is the hundreds digit of 580?
5
What is the hundreds digit of 342?
3
What is the hundreds digit of 390?
3
What is the tens digit of 465?
6
What is the hundreds digit of 5322?
3
What is the thousands digit of 1075?
1
What is the ten thousands digit of 19429?
1
What is the hundreds digit of 44932?
9
What is the ten thousands digit of 107120?
0
What is the ten thousands digit of 16359?
1
What is the tens digit of 2466?
6
What is the thousands digit of 2912?
2
What is the hundreds digit of 3455?
4
What is the thousands digit of 50264?
0
What is the units digit of 655?
5
What is the tens digit of 719?
1
What is the tens digit of 7084?
8
What is the hundreds digit of 46182?
1
What is the thousands digit of 2454?
2
What is the tens digit of 448?
4
What is the tens digit of 4074?
7
What is the hundreds digit of 785?
7
What is the hundreds digit of 137?
1
What is the ten thousands digit of 18283?
1
What is the tens digit of 849?
4
What is the thousands digit of 34978?
4
What is the thousands digit of 1873?
1
What is the thousands digit of 34055?
4
What is the units digit of 15482?
2
What is the hundreds digit of 1705?
7
What is the units digit of 174483?
3
What is the hundreds digit of 715?
7
What is the thousands digit of 9465?
9
What is the tens digit of 120?
2
What is the units digit of 1098?
8
What is the thousands digit of 1017?
1
What is the hundreds digit of 576?
5
What is the hundreds digit of 6395?
3
What is the thousands digit of 1956?
1
What is the hundreds digit of 3581?
5
What is the units digit of 42?
2
What is the tens digit of 13799?
9
What is the thousands digit of 2740?
2
What is the tens digit of 3294?
9
What is the hundreds digit of 18016?
0
What is the thousands digit of 28634?
8
What is the units digit of 1026?
6
What is the tens digit of 6233?
3
What is the ten thousands digit of 71531?
7
What is the tens digit of 5932?
3
What is the hundreds digit of 130?
1
What is the thousands digit of 104368?
4
What is the units digit of 797?
7
What is the units digit of 1414?
4
What is the units digit of 1128?
8
What is the hundreds digit of 919?
9
What is the tens digit of 81528?
2
What is the hundreds digit of 550?
5
What is the ten thousands digit of 29232?
2
What is the thousands digit of 7787?
7
What is the thousands digit of 1180?
1
What is the hundreds digit of 12839?
8
What is the hundreds digit of 61430?
4
What is the thousands digit of 13959?
3
What is the units digit of 4574?
4
What is the thousands digit of 1496?
1
What is the hundreds digit of 2186?
1
What is the units digit of 1287?
7
What is the hundreds digit of 1869?
8
What is the units digit of 11447?
7
What is the tens digit of 387?
8
What is the hundreds digit of 188171?
1
What is the hundreds digit of 3163?
1
What is the hundreds digit of 894?
8
What is the thousands digit of 80858?
0
What is the thousands digit of 4053?
4
What is the units digit of 1721?
1
What is the tens digit of 4975?
7
What is the units digit of 8879?
9
What is the tens digit of 44188?
8
What is the units digit of 7186?
6
What is the hundreds digit of 19253?
2
What is the units digit of 1451?
1
What is the tens digit of 9827?
2
What is the units digit of 43129?
9
What is the thousands digit of 43557?
3
What is the hundreds digit of 2418?
4
What is the units digit of 652?
2
What is the hundreds digit of 3626?
6
What is the thousands digit of 2494?
2
What is the hundreds digit of 4880?
8
What is the units digit of 6440?
0
What is the hundreds digit of 1795?
7
What is the tens digit of 1826?
2
What is the ten thousands digit of 119258?
1
What is the ten thousands digit of 16012?
1
What is the hundreds digit of 37650?
6
What is the ten thousands digit of 68544?
6
What is the tens digit of 8045?
4
What is the hundreds digit of 3013?
0
What is the units digit of 1107?
7
What is the tens digit of 1433?
3
What is the hundreds digit of 19291?
2
What is the units digit of 13550?
0
What is the ten thousands digit of 56220?
5
What is the thousands digit of 1046?
1
What is the hundreds digit of 4027?
0
What is the tens digit of 430?
3
What is the ten thousands digit of 73993?
7
What is the ten thousands digit of 23928?
2
What is the tens digit of 45252?
5
What is the units digit of 3380?
0
What is the tens digit of 13879?
7
What is the units digit of 8715?
5
What is the hundreds digit of 9120?
1
What is the thousands digit of 1188?
1
What is the hundreds digit of 1518?
5
What is the thousands digit of 46745?
6
What is the thousands digit of 2213?
2
What is the thousands digit of 4969?
4
What is the ten thousands digit of 110689?
1
What is the tens digit of 931?
3
What is the units digit of 1201?
1
What is the units digit of 2263?
3
What is the thousands digit of 6820?
6
What is the hundreds digit of 48494?
4
What is the units digit of 595?
5
What is the tens digit of 940?
4
What is the units digit of 1847?
7
What is the units digit of 730?
0
What is the tens digit of 1803?
0
What is the tens digit of 31532?
3
What is the tens digit of 82434?
3
What is the units digit of 775?
5
What is the thousands digit of 4268?
4
What is the tens digit of 36?
3
What is the hundreds digit of 18238?
2
What is the hundreds digit of 1405?
4
What is the hundreds digit of 517?
5
What is the tens digit of 1862?
6
What is the units digit of 1964?
4
What is the units digit of 737?
7
What is the thousands digit of 127599?
7
What is the hundreds digit of 984?
9
What is the tens digit of 66545?
4
What is the tens digit of 1065?
6
What is the units digit of 1206?
6
What is the units digit of 4126?
6
What is the tens digit of 10072?
7
What is the hundreds digit of 10768?
7
What is the ten thousands digit of 12407?
1
What is the hundreds digit of 4497?
4
What is the units digit of 23263?
3
What is the tens digit of 814?
1
What is the tens digit of 963?
6
What is the hundreds digit of 1093?
0
What is the units digit of 129827?
7
What is the units digit of 13050?
0
What is the units digit of 68331?
1
What is the units digit of 1934?
4
What is the units digit of 14623?
3
What is the tens digit of 1783?
8
What is the hundreds digit of 176325?
3
